{"id":78,"date":"2017-12-12T11:24:21","date_gmt":"2017-12-12T15:24:21","guid":{"rendered":"http:\/\/ayuntamiento.guineo\/transparencia\/?page_id=78"},"modified":"2024-07-24T11:35:32","modified_gmt":"2024-07-24T15:35:32","slug":"definicion-oaim-oficina-de-acceso-a-la-informacion-municipal","status":"publish","type":"page","link":"https:\/\/ayuntamientolasmatasdesantacruz.gob.do\/transparencia\/definicion-oaim-oficina-de-acceso-a-la-informacion-municipal\/","title":{"rendered":"Definici\u00f3n OAIM (Oficina de Acceso a la Informaci\u00f3n Municipal)"},"content":{"rendered":"<blockquote>\n<h2><strong>Definici\u00f3n OAI (Oficina de Acceso a la Informaci\u00f3n p\u00fablica)<\/strong><\/h2>\n<\/blockquote>\n<h3>La Oficina de Acceso a la Informaci\u00f3n (OAI), es un mandato de la Ley General de Libre Acceso a la Informaci\u00f3n P\u00fablica Ley 200-04 y el Decreto No. 130-05 que crea el reglamento de dicha ley, con el prop\u00f3sito de apoyar a entidades y personas tanto p\u00fablicas como privadas mediante las informaciones solicitadas.<\/h3>\n<h3>El objetivo de esta oficina es asegurar el libre acceso a la informaci\u00f3n de forma completa, veraz y propicia, a fin de satisfacer la necesidad de la ciudadan\u00eda.<\/h3>\n<blockquote>\n<h2><strong>Visi\u00f3n<\/strong><\/h2>\n<\/blockquote>\n<h3>Ser una instituci\u00f3n reconocida por su compromiso con la transparencia, la rendici\u00f3n de cuentas y la promoci\u00f3n del derecho a la informaci\u00f3n p\u00fablica. Aspiramos a construir una cultura de transparencia y acceso a la informaci\u00f3n en la sociedad, contribuyendo al fortalecimiento de la democracia y la participaci\u00f3n ciudadana.<\/h3>\n<blockquote>\n<h2><strong>Misi\u00f3n<\/strong><\/h2>\n<\/blockquote>\n<h3>La misi\u00f3n de la Oficina de Acceso a la Informaci\u00f3n P\u00fablica es garantizar el derecho de los ciudadanos a acceder a la informaci\u00f3n p\u00fablica, promoviendo la transparencia y la rendici\u00f3n de cuentas en el sector p\u00fablico. Nuestra labor es facilitar el acceso a la informaci\u00f3n de manera oportuna, eficiente y clara, asegurando que la informaci\u00f3n p\u00fablica sea accesible y comprensible para todos.<\/h3>\n<blockquote>\n<h2><strong>Valores<\/strong><\/h2>\n<\/blockquote>\n<h3>Transparencia<\/h3>\n<h3>Responsabilidad<\/h3>\n<h3>Eficiencia<\/h3>\n<h3>Imparcialidad<\/h3>\n<h3>Servicio P\u00fablico<\/h3>\n<h3>Confidencialidad<\/h3>\n<blockquote>\n<h2><strong>Definici\u00f3n RAI<\/strong><\/h2>\n<\/blockquote>\n<h3>El representante de Acceso a la Informaci\u00f3n, es el responsable de tramitar y facilitar las informaciones requeridas y de ser el canal de comunicaci\u00f3n entre la instituci\u00f3n, ciudadanos y ciudadanas.<\/h3>\n<blockquote>\n<h2><strong>Proceso de Solicitud de Informaci\u00f3n:<\/strong><\/h2>\n<\/blockquote>\n<ul>\n<li>\n<h3>Completar el formulario de solicitud de informaci\u00f3n.<\/h3>\n<\/li>\n<li>\n<h3>Se procede a la revisi\u00f3n de dicho documento con la finalidad de verificar que est\u00e1 debidamente completada(o).<\/h3>\n<\/li>\n<li>\n<h3>Se hace entrega de acuse de recibo al solicitante.<\/h3>\n<\/li>\n<li>\n<h3>Seg\u00fan la complejidad de la informaci\u00f3n, se asigna una fecha de entrega. En caso de no ser la OPTIC la entidad competente para ofrecer la informaci\u00f3n requerida, dicha solicitud se refiere a la instituci\u00f3n correspondiente y se le informa al solicitante, el curso que ha tomado su solicitud y la instituci\u00f3n destinataria.<\/h3>\n<\/li>\n<li>\n<h3>Seguimiento de la(s) solicitud(es) hasta confirmar que se ha suministrado la informaci\u00f3n.<\/h3>\n<\/li>\n<\/ul>\n","protected":false},"excerpt":{"rendered":"Definici\u00f3n OAI (Oficina de Acceso a la Informaci\u00f3n p\u00fablica) La Oficina de Acceso a la Informaci\u00f3n (OAI), es un mandato de la Ley General de Libre Acceso a la Informaci\u00f3n P\u00fablica Ley 200-04 y el Decreto No. 130-05 que crea el reglamento de dicha ley, con el prop\u00f3sito de apoyar a entidades y personas tanto&#8230;","protected":false},"author":2,"featured_media":0,"parent":0,"menu_order":0,"comment_status":"closed","ping_status":"closed","template":"","meta":[],"_links":{"self":[{"href":"https:\/\/ayuntamientolasmatasdesantacruz.gob.do\/transparencia\/wp-json\/wp\/v2\/pages\/78"}],"collection":[{"href":"https:\/\/ayuntamientolasmatasdesantacruz.gob.do\/transparencia\/wp-json\/wp\/v2\/pages"}],"about":[{"href":"https:\/\/ayuntamientolasmatasdesantacruz.gob.do\/transparencia\/wp-json\/wp\/v2\/types\/page"}],"author":[{"embeddable":true,"href":"https:\/\/ayuntamientolasmatasdesantacruz.gob.do\/transparencia\/wp-json\/wp\/v2\/users\/2"}],"replies":[{"embeddable":true,"href":"https:\/\/ayuntamientolasmatasdesantacruz.gob.do\/transparencia\/wp-json\/wp\/v2\/comments?post=78"}],"version-history":[{"count":4,"href":"https:\/\/ayuntamientolasmatasdesantacruz.gob.do\/transparencia\/wp-json\/wp\/v2\/pages\/78\/revisions"}],"predecessor-version":[{"id":1163,"href":"https:\/\/ayuntamientolasmatasdesantacruz.gob.do\/transparencia\/wp-json\/wp\/v2\/pages\/78\/revisions\/1163"}],"wp:attachment":[{"href":"https:\/\/ayuntamientolasmatasdesantacruz.gob.do\/transparencia\/wp-json\/wp\/v2\/media?parent=78"}],"curies":[{"name":"wp","href":"https:\/\/api.w.org\/{rel}","templated":true}]}}